ative of -y**4/4 - y**3 - 2*y**2 - 3*y + 64045. Give v(x).
9
Let y(m) = -m**3 + 12*m**2 + 2*m - 11. Let g = -143 + 154. Calculate y(g).
132
Let h(c) = -9*c**2 + 8*c - 18. Let j(s) = -5*s**2 + 4*s - 9. Let o(p) = -4*h(p) + 7*j(p). Let i = -46 + 62. Suppose 3*r + 78 = i*r. Give o(r).
21
Let v(f) = 69 + 62 + 6*f - 2700*f**3 + 2701*f**3 + 7*f**2 - 133. Let a be (2/4)/((-1)/12). What is v(a)?
-2
Suppose -36*h - 3634 = 94*h + 28*h. Let n(o) = 4*o + 74. Determine n(h).
-18
Let d(u) be the first derivative of -u**4/4 - 13*u**3/3 + 24*u**2 - u - 95. Let c be d(-16). Let z(o) = 3*o**2 + 0*o**2 + 3*o**2. What is z(c)?
6
Suppose -5*i - 2*t + 4 = 0, 3*t + 2 = -5*i + 3. Let f be i/(-2) + 3*(0 - -1). Let y(d) = 2*d**2 - 2*d. Calculate y(f).
4
Let j(u) = -3*u**2 - 6*u + 9. Let p(y) = 2*y**2 + 7*y - 12. Let f(o) = -4*j(o) - 3*p(o). Calculate f(1).
9
Let q(s) = s**3 - 22*s**2 + 18*s - 41. Let d(j) = 4*j**3 - 86*j**2 + 72*j - 163. Let b(g) = -3*d(g) + 11*q(g). What is b(15)?
-7
Suppose 3*p + 1 = -q, -10 = 38*q - 42*q - 5*p. Suppose -4*v - q*o = 20, 16 = -2*v + v - 4*o. Let s(d) = d - 6. Calculate s(v).
-6
Let j(q) be the third derivative of q**6/240 - 19*q**4/6 + 23*q**2 + 1. Let t(s) be the second derivative of j(s). What is t(-3)?
-9
Let d(h) = h**3 + 8*h**2 + h - 1. Suppose 264*m - 246 = 305*m. Determine d(m).
65
Let d(c) be the first derivative of -c**3/3 + c**2 + 6*c - 2237. Determine d(-6).
-42
Let j(o) = -o - 14. Let b(w) = -3*w**2 + 226*w + 364. Let m be b(77). Calculate j(m).
7
Let y(j) = -2*j**3 - 21*j**2 + 10*j - 6. Let p(i) = i**2 + 25*i + 55. Let b be p(-22). What is y(b)?
5
Let y be (((-121)/2)/(-11))/((-28)/(-8) + 2). Let m(x) be the second derivative of 7*x**5/10 + x**4/6 - x**3/3 + x**2/2 - x. Give m(y).
15
Let j(o) = o**2 - 6*o + 21. Let q(n) = 2*n**2 - 13*n + 41. Let b(l) = 5*j(l) - 3*q(l). Let m(c) = c**3 + 24*c**2 + c + 30. Let i be m(-24). What is b(i)?
0
Let r = 41216 - 41222. Let f(y) = 2*y**3 + 17*y**2 + 12*y - 4. Determine f(r).
104
Let h(k) = -k + 5. Let f = -230 - -374. Suppose 5*j + w - f = -2*w, 5*w = 3*j - 66. Suppose 0 = 6*a - 15 - j. Give h(a).
-2
Let v(c) be the third derivative of -c**6/120 + c**5/15 + c**4/12 + 7*c**3/6 - 3*c**2 - 25*c. Let f(w) = 2*w - 1. Let d be f(3). Give v(d).
-8
Suppose 0 = 2*m + b + 12, m - 1 = -b - 6. Let y(w) = -8*w**2 + 23*w + 20. Let h(a) = -13*a**2 + 35*a + 30. Let k(o) = -5*h(o) + 8*y(o). What is k(m)?
-4
Let i(r) = 4*r - 3. Suppose -18*p = -12*p - 30. Suppose -q = p*v - 27 - 4, -q - v = -11. Suppose -2*g + 32 = q*g. Determine i(g).
13
Suppose 0 = 22*x - 254 - 10. Suppose 22*d - 120 = x. Let t(b) = -b**2 + 5*b. Calculate t(d).
-6
Let m(x) = -x**3 + 4*x**2 + 3*x. Let n be m(3). Let o(g) = 5*g**2 - 49*g + 14. Let f be o(9). Let d = n + f. Let b(j) = -j**3 - 3*j**2 + 5*j. Determine b(d).
-4
Suppose -5*o = -2*i + 51, 89*o - 3*i = 86*o - 45. Let h(a) = -8*a**2 - a**3 - 6*a + 5*a - 2 - 7*a. Determine h(o).
5
Let c(n) = n - 2. Let v(p) = -p**3 - 9*p**2 - 12*p - 21. Let x = 87 - 95. Let d be v(x). Let l(a) = 2*a - 19. Let r be l(d). What is c(r)?
1
Let p(x) = 4*x**3 + 10*x**2 + x + 5. Let q(y) = -y**3 - y**2 - 1. Let r(b) = p(b) + 3*q(b). Let w = 20200 + -20207. What is r(w)?
-5
Let g(m) = -5*m - 18. Let l(x) = -9*x - 35. Let y be ((-1)/3)/(3/(-27)). Suppose -5*i - 17 = y. Let u(r) = i*l(r) + 7*g(r). What is u(0)?
14
Let f(h) = -6*h + 1. Let b be f(1). Let u(g) be the first derivative of -2*g + 86 - 3/2*g**2. What is u(b)?
13
Let g(v) be the second derivative of -v**5/10 + 47*v**4/12 + 4*v**3 - 3*v**2/2 + 3*v - 342. What is g(24)?
-3
Suppose -19 = 2*r - 71. Let k = r + -33. Let x(g) = -2*g**2 - g + 2. Let o(q) = 5*q**2 + 2*q - 5. Let i(f) = k*x(f) - 3*o(f). What is i(4)?
-11
Let h be (-8)/36 + (-104)/18. Let o(f) = -155*f + 5. Let m(j) = 439*j - 14. Let u(v) = -6*m(v) - 17*o(v). Give u(h).
-7
Let f be (-2)/3*(2 - 8). Let s(h) = -10*h - 1 + h**2 - 2 + 16*h + 2*h**2. Let n(y) = 2*y**2 + 6*y - 3. Let r(g) = f*s(g) - 5*n(g). Determine r(5).
23
Suppose 16 = 3*l + 2*u, 3*l + 5*u + 1 = 32. Let s(d) = 4*d + 1 - l*d + 13 + 4*d. Give s(-6).
-22
Let m be (-1 + 16/6)*3. Let w(p) be the first derivative of -p**4/4 + 2*p**3 - 5*p - 1071. Give w(m).
20
Let c be (-3)/(-7) + (-116)/406 + (-254)/14. Let v(y) = 2*y + 42. Calculate v(c).
6
Let g be (-218*3 - -7) + 5. Let m = 640 + g. Let b(v) = v**2 + 2*v + 3. Give b(m).
3
Let w(c) = 3020*c**2 - 7 - 76*c - 3024*c**2 - 11 + 84*c. What is w(2)?
-18
Let o = 727 - 722. Let t(q) = -q**2 + 2*q + 11. Calculate t(o).
-4
Let t(s) = s**2 + s - 18. Let v(q) = -q**2 + 20*q - 60. Let h be v(4). Give t(h).
2
Let h(o) = -o**2 - 4*o - 4. Let y = -44 + 73. Suppose -3*c + y + 16 = -u, -3*c + 189 = -4*u. Let r = u - -42. Determine h(r).
-16
Let m(s) be the first derivative of -2*s**4 + s**2/2 - s + 6963. Determine m(1).
-8
Let m(n) = n**3 + n**2 - n + 2. Let r be m(0). Suppose r*q + 28 = -8. Let v = 16 + q. Let j(g) = -g**2 - 4*g - 3. Give j(v).
1
Suppose 0 = -2*l + 4*u + 20, 6*l + 4*u - 36 = l. Let z(x) = x**3 - 9*x**2 + 4*x + 7. What is z(l)?
-25
Let d(q) = -4*q - 2. Let g(y) = -2*y**2 - 9*y + 9. Suppose -5*r = -j + 30, -4*r + j = -4*j + 24. Let k be g(r). Let h be -1 - k/15*-5. Give d(h).
14
Suppose 0 = -0*n + 22*n - 4884. Let a = -231 + n. Let h(s) = -s**2 - 7*s + 13. Determine h(a).
-5
Suppose -267*p = -270*p + 78. Let t be (2/(-3))/(p/(-30) + 1). Let k(a) = -5*a - 26. Determine k(t).
-1
Let i(v) = v**2 + 3*v. Let s(u) = -3*u. Let z(x) = -5*i(x) - 4*s(x). Let y = -2 - 0. Let r be -4*(5/(-5))/y. Give z(r).
-14
Let b(s) = -2*s - 6. Suppose 155*p + 484 = 1062 + 2367. Determine b(p).
-44
Suppose 428*q = -38 + 38. Let k(f) = -5 + f**3 - 5*f**3 + 5*f**3. Give k(q).
-5
Let t(d) = 5*d - 18. Let n be -12 - 6/5*-5. Give t(n).
-48
Let j(h) be the first derivative of -3/2*h**2 - 105 - 6*h. Let s = 4 - 9. Give j(s).
9
Let g be -2 - (-60)/27 - 155241/29727. Let f be 1/1*5*1. Let w(y) = -3*y + y - y**3 + 0*y - 1 - f*y**2. Give w(g).
9
Let v(g) be the third derivative of -5*g**4/24 - 8*g**3/3 - 2460*g**2. Give v(-4).
4
Let o(p) = 46*p**2 - 19*p + 27 - 80*p**2 + 33*p**2. Give o(-21).
-15
Suppose 4 = -2*m, -46*m + 42 = -2*l - 43*m. Let j(z) = -z**2 - 24*z + 23. What is j(l)?
23
Suppose 11*q = 2*a - 0*a - 98, -4*q - 34 = -a. Let w(n) = -2*n**2 + 0*n**2 + 5*n - 2 + 3*n**2. Determine w(a).
4
Let z(k) = k. Suppose -6*h - 36 = -6. Let f(q) = 4*q + 10. Let d(o) = h*z(o) + f(o). Let y be ((-1)/(-3)*8)/(6/18). Determine d(y).
2
Suppose 0 = -6*w - 18 + 36. Let i(o) = -8 + 0 + 1 + w*o. Let q be 0 + (7 - (0 - -1)). Calculate i(q).
11
Let s(v) = -13*v + 95. Let i = 14570 - 14563. What is s(i)?
4
Let c be 0 + 9 + -4 + -1. Suppose 0 = i - 12 + c. Let m(l) be the second derivative of l**3/3 + 9*l**2/2 + 4*l. What is m(i)?
25
Let c be 4/(-6)*(6 + 324/(-24)). Suppose -l + 9 = -y, l = c*l + 5*y - 9. Let u(n) = -n - 1. Calculate u(l).
-7
Let a = 24107 - 24093. Let o(b) = 6*b + 8. Give o(a).
92
Let i = 965 + -968. Let r(u) = 7*u + 26. Let q be r(i). Let m(b) = b**2 - 2*b - 14. Calculate m(q).
1
Suppose -5*r + 46 = c - 5, -4*r + 36 = -4*c. Let m = r + -10. Let y(f) = 5*f - 9. Let j(s) = -12*s + 18. Let g(v) = 2*j(v) + 5*y(v). Calculate g(m).
-9
Let t(x) be the second derivative of -8*x**2 - 1/12*x**4 + 0 - x - 1/6*x**3. Suppose 709*c - 516*c = 0. Give t(c).
-16
Let n be (-440)/(-1) + (7 - (5 + -1)). Let f(g) = 443 + g**2 - 901 - 6*g + n. Calculate f(8).
1
Let w(p) = -45*p**2 + 19*p + 23. Let t(k) = -38*k**2 + 18*k + 21. Let o(j) = -6*t(j) + 5*w(j). What is o(5)?
-1
Let d(t) = 4*t - 11. Let z be d(-4). Let m be (z/12 + 3)*8/2. Let s(o) = -7 + o - o**2 + 2*o + m. Calculate s(3).
-4
Let t be (-17568)/(-7686) - ((-24)/14 - 0). Let p = -3 - -5. Let f(u) = 5*u + u**3 - 2*u - 6 - u**2 - 3*u**p. Calculate f(t).
6
Let t be (-532)/(-3990) - (-1 - 7/(-15)). Let o(j) be the second derivative of 3/2*j**2 + 1/20*j**5 + 5/12*j**4 + 0 + t*j**3 - 24*j. What is o(-4)?
3
Let p(h) = 8*h + 9. Suppose 5*w = 2*y + 9*w + 18, 0 = 2*y - 5*w. Let g(x) = 5*x + 4. Let c(n) = y*g(n) + 3*p(n). Determine c(13).
-6
Let c(b) = -13*b**3 - 65*b**2 - 6. Let z(s) = -10*s**3 - 49*s**2 - 4. Let u(o) = 7*c(o) - 9*z(o). Give u(-14).
-6
Let r(z) = -130*z + 497*z - 122*z - 125*z - 119*z - 6. Calculate r(8).
2
Let x(v) = -8*v**2 + 11*v - 11. Let o(j) = 14 + 95*j**2 